f 5 and o.
5
Let h be (1 - 5 - -19)/3. What is the greatest common factor of 15 and h?
5
Let a be ((-108)/(-8) - 0)/((-6)/(-8)). What is the greatest common factor of 2 and a?
2
Let t(g) = -g**2 + 9*g - 11. Let m be t(7). Calculate the greatest common divisor of 15 and m.
3
Suppose -2*t + 276 = 56. Suppose 23 = 5*v - 27. What is the greatest common factor of t and v?
10
Let d(f) = -11*f + 34*f + 4 + 0. Let b be d(7). Calculate the highest common factor of b and 15.
15
Suppose 0 = -3*y + y. Suppose 0*b + 2*l + 155 = 5*b, y = -3*b - 4*l + 93. Let t = b - 17. What is the greatest common factor of t and 2?
2
Suppose 75 = 2*g + 3*g. Calculate the greatest common factor of g and 75.
15
Let m(k) = 2*k**3 + 2*k**2 - k. Let h(y) = y**2 - 5*y + 1. Let n be h(5). Let w be m(n). Suppose -1 = s - w. What is the highest common divisor of s and 3?
1
Let p = -215 + 327. What is the greatest common factor of 14 and p?
14
Let s(w) = -w**2 - 18*w + 11. Let h be s(-18). Calculate the greatest common factor of h and 11.
11
Suppose -3*g = 9, 5*r - 893 = -2*g - 179. Let y(p) = -p**2 + p + 18. Let m be y(0). What is the highest common divisor of r and m?
18
Suppose -4*l - 4 = 2*k - 2, 0 = 4*k - 5*l - 61. Suppose 5 = -5*y - 0. Let i be ((-9)/(-15))/(y/(-5)). What is the highest common divisor of i and k?
3
Let g(c) = -c**3 - 2*c + 10. Let x be g(-5). What is the highest common factor of x and 58?
29
Suppose -3*x + 142 - 394 = 0. Let p be x/(-12) - (2 - -1). Let u(n) = 6*n - 4. Let q be u(4). Calculate the greatest common factor of q and p.
4
Suppose 2*h = 2*v - 5*v + 229, 4*v = -3*h + 305. Suppose -5*d - 22 = -57. Calculate the highest common factor of v and d.
7
Let x = -12 + 18. Let l = -198 + 202. Calculate the greatest common divisor of l and x.
2
Let f(p) = p**3 + 5*p**2 + 4*p + 17. Let j be f(-4). What is the greatest common divisor of j and 17?
17
Let b(v) = -v + 13. Let i be b(6). Let p = -4 + i. Suppose 4 = 3*h + k - 2, -p*h + k = 0. What is the highest common factor of 2 and h?
1
Let g = 28 - 10. Let r be (-2 + 8)/(12/g). Calculate the greatest common divisor of r and 18.
9
Let x(g) = -16*g - 4. Let t be x(-2). Calculate the greatest common factor of t and 224.
28
Suppose -378 = -j + 126. Suppose 3*y + y = j. Calculate the greatest common factor of y and 14.
14
Let x = 6 - 3. Let l be (-75)/2*(-4)/x. Calculate the highest common divisor of 10 and l.
10
Suppose -3*n - 5*f - 17 = -188, 4*f = -2*n + 116. Let o = -3 + 2. Let x be ((-26)/(-6))/(o/(-3)). Calculate the highest common factor of n and x.
13
Let n be (-18)/30 + (-48)/(-5). What is the highest common divisor of 45 and n?
9
Suppose -5*a - 34 = -4*i + 2*i, 4*i + 4*a - 12 = 0. What is the greatest common divisor of 14 and i?
7
Let g be (-4)/(-2)*(-98)/28. Let w(l) = -5*l - 15. Let f be w(g). What is the highest common divisor of 50 and f?
10
Suppose -5*r + 23 = -4*g, 4 + 7 = 2*r - g. What is the greatest common divisor of r and 28?
7
Let r be (130/4)/1 + 6/(-12). What is the highest common divisor of 96 and r?
32
Let r be 12 + (-9)/(-3) + -2. Let v be (0 - -1)*-2 + r. Calculate the greatest common factor of 99 and v.
11
Let u = 86 - 48. What is the highest common factor of 418 and u?
38
Let q be (-1)/(2/36*-2). Let n be 582/q - (-1)/3. Let f(w) = w**3 + 8*w**2 + 2*w - 9. Let k be f(-7). Calculate the highest common divisor of n and k.
13
Let d(a) = -2*a - 8. Let q be 4 + 3/(-3)*-2. Let z be d(q). Let k = 33 + z. Calculate the highest common factor of k and 39.
13
Suppose k + 0 = -3*b + 13, -2*b + 6 = 0. Let j be 6/(k/2) + 2. Suppose 0 = 5*h + j*v - 36 + 6, -25 = -5*h - 4*v. What is the greatest common divisor of h and 9?
1
Let k = 28 - 17. Calculate the highest common divisor of 121 and k.
11
Suppose -2*h + 12 = -5*h, 112 = 4*j - 4*h. Let l be (-1)/2 - (-20)/(-8). Let s be (64 - (-2 - -3)) + l. What is the greatest common factor of j and s?
12
Let d be 2/7 - 1040/(-35). What is the highest common factor of 15 and d?
15
Suppose -x + 5*u + 4 = -11, 2*u + 14 = 2*x. Suppose 8 = x*b - 3*b. Let j be 66/15 - 10/25. What is the greatest common divisor of j and b?
4
Let o = -9 + 6. Let m be 1 + 43 + 0/o. Calculate the highest common divisor of 11 and m.
11
Suppose 5*z = 3*o - 275, -o + 3*o + 3*z - 177 = 0. Calculate the highest common factor of 10 and o.
10
Suppose -b - 2*n = -6*b + 328, -2*b = -5*n - 148. Suppose -5*f = -32 - 8. What is the highest common factor of b and f?
8
Let x be 3/(-2)*(-140)/30. What is the highest common factor of 49 and x?
7
Let l = -55 + 76. What is the greatest common factor of l and 7?
7
Let a be 1/(2 + 12/(-4)) - -3. Let w(c) = 23*c**3 - c. Let x be w(1). What is the greatest common divisor of a and x?
2
Let j be 0 + 32 - (16/2)/4. What is the highest common divisor of 60 and j?
30
Let d = 23 - -4. Suppose -i + 9 = -d. What is the greatest common factor of 24 and i?
12
Let x = -149 - -237. Let g = 80 - 72. What is the highest common factor of g and x?
8
Suppose -2*l + 110 = 3*l. Suppose 0 = -v + 2*v - 2. Calculate the greatest common factor of v and l.
2
Let a be -1 + 1 + (7 + 1)*3. What is the highest common divisor of a and 144?
24
Suppose -3*p - 2*p + 175 = 0. Calculate the greatest common factor of p and 315.
35
Let h(l) = l**3 - 5*l**2 + 3*l - 4. Let f be h(5). Suppose 4*b = 5*b - 3. Let z be (-1 - -2)/(b/132). What is the highest common divisor of z and f?
11
Suppose -4*v + 2 + 14 = 0. Let a be 117 - (3 - v - 2). Suppose 4*t - a = -t. Calculate the greatest common factor of t and 12.
12
Let h = -56 + 91. Calculate the highest common factor of 7 and h.
7
Let j be -1 + -2 + 25 + 3. Calculate the greatest common factor of j and 5.
5
Suppose z + 8 = -5*v, 2*z + z - 18 = -v. Let o be 0 + (-7)/(z/(-30)). Suppose t + 125 = 2*d + d, d + 2*t = o. Calculate the highest common factor of 8 and d.
8
Let r(k) = 195*k + 1. Let w be r(-1). Let b = w - -94. Let a = -58 - b. What is the greatest common divisor of 21 and a?
21
Let a(g) = -g + 13. Let q be a(9). What is the greatest common factor of q and 4?
4
Let q be (-3)/(-2)*4/3. Suppose -69 = q*h - 411. What is the highest common divisor of 19 and h?
19
Let u = -60 + 30. Let b be 48/u*5/(-2). What is the greatest common factor of 20 and b?
4
Let o(b) = b**3 + 5*b**2 + 5*b + 2. Let l = -26 + 23. Let x be o(l). What is the greatest common factor of x and 25?
5
Suppose -a - 173 - 25 = -5*h, 4*a - 183 = -5*h. Suppose -3*d + 40 = 1. Calculate the highest common divisor of d and h.
13
Let c = -8 + 22. Let z = 24 - c. Calculate the greatest common divisor of 10 and z.
10
Suppose 2*b + 3*w = -b + 99, 0 = -5*b + 2*w + 158. Suppose -3*a = -0*a - 96. What is the highest common factor of b and a?
32
Let w = -66 + 77. Calculate the highest common factor of 1 and w.
1
Suppose -48*c + 240 = -43*c. Suppose -32 = -2*p + 4*w, -5*p + 4*w = 2*w - 40. What is the greatest common factor of c and p?
6
Let z = -3 - -13. Suppose -2*j + z = -10. What is the highest common divisor of j and 20?
10
Suppose 3*k - 4*o - 14 = k, 0 = -3*o. Suppose 3*t + 1 = k. Let a be (-6)/12 + 5/t. What is the highest common divisor of 2 and a?
2
Suppose 0 = -c - 1. Let z be ((-136)/16)/(c/14). What is the highest common factor of 17 and z?
17
Suppose 4*f + 10 = 38. Let g = -7 + f. Suppose x - 1 = -g*x. Calculate the highest common factor of x and 7.
1
Let h = -61 - -107. Suppose q = 98 + h. Suppose 0 = c - 5*t + 9, 2*t = -5*c + 3*t + 75. What is the highest common factor of q and c?
16
Let x be (-7 - -7) + 1*8. Let h = 13 - x. What is the greatest common divisor of 10 and h?
5
Let q = -31 + 61. Suppose 2*v = 3*h - 31, -4*h + 0*v + q = 3*v. Suppose a + 4*u = 70, 265 = -0*a + 3*a + u. What is the greatest common divisor of a and h?
9
Let r(l) = l**2 + 4*l - 7. Let m be r(-6). Calculate the greatest common divisor of 50 and m.
5
Suppose 0*j = 3*j. Let t = j - -2. Suppose -5*c = -2*c - 4*k, 19 = c + 5*k. What is the greatest common factor of t and c?
2
Suppose -3*o + 4*y + 88 = 35, o - 4*y = 31. Suppose 4*m + o + 1 = 0. Let s = 8 - m. Calculate the greatest common divisor of s and 11.
11
Let y be -2 - (10/(-3))/(3/36). Calculate the highest common divisor of 57 and y.
19
Suppose -2*w - 180 = -6*w. Let b(y) = -y**3 + y**2 + y + 5. Let a be b(0). Calculate the greatest common factor of a a